{"id":33,"date":"2018-10-21T15:12:09","date_gmt":"2018-10-21T15:12:09","guid":{"rendered":"http:\/\/coprocier.org.ar\/web\/?page_id=33"},"modified":"2025-09-12T01:06:12","modified_gmt":"2025-09-12T01:06:12","slug":"autoridades","status":"publish","type":"page","link":"https:\/\/coprocier.org.ar\/web\/autoridades\/","title":{"rendered":"Ley Provincial N\u00ba 9498"},"content":{"rendered":"\n<p>El 17 de junio de 2003 fue sancionada la Ley Provincial N\u00ba 9498, que crea el Colegio de Profesionales de Ciencias Inform\u00e1ticas de Entre R\u00edos y sienta las bases para el ejercicio profesional en la provincia.<\/p>\n\n\n\n<p>Para descargar la ley en formato PDF, <a href=\"https:\/\/coprocier.org.ar\/web\/wp-content\/uploads\/2021\/06\/9498-COPROCIER.pdf\">haga clic aqu\u00ed<\/a><\/p>\n\n\n\n<p>Tambi\u00e9n puede navegar la ley cap\u00edtulo a cap\u00edtulo con los siguientes enlaces. Tenga en cuenta que la Ley es un documento integral y solo se presenta de la siguiente forma para facilitar su lectura. Para su utilizaci\u00f3n con fines legales es indispensable remitirse al documento completo.<\/p>\n\n\n\n<h2 class=\"wp-block-heading\">T\u00cdTULO I: Ejercicio Profesional y empleo del t\u00edtulo.<\/h2>\n\n\n\n<p><a href=\"https:\/\/coprocier.org.ar\/web\/wp-content\/uploads\/2018\/10\/1-capitulo1.pdf\">CAP\u00cdTULO I: Ejercicio Profesional.<\/a><\/p>\n\n\n\n<p><a href=\"https:\/\/coprocier.org.ar\/web\/wp-content\/uploads\/2018\/10\/1-capitulo2.pdf\">CAP\u00cdTULO II: Matriculaci\u00f3n.<\/a><\/p>\n\n\n\n<p><a href=\"https:\/\/coprocier.org.ar\/web\/wp-content\/uploads\/2018\/10\/1-capitulo3.pdf\">CAP\u00cdTULO III: Exigencia del Estado a los administrados.<\/a><\/p>\n\n\n\n<p><a href=\"https:\/\/coprocier.org.ar\/web\/wp-content\/uploads\/2018\/10\/1-capitulo4.pdf\">CAP\u00cdTULO IV: Uso del t\u00edtulo.<\/a><\/p>\n\n\n\n<p><a href=\"https:\/\/coprocier.org.ar\/web\/wp-content\/uploads\/2018\/10\/1-capitulo5.pdf\">CAP\u00cdTULO V: Incompatibilidades. Uso de t\u00edtulo y ejercicio ileg\u00edtimo.<\/a><\/p>\n\n\n\n<h2 class=\"wp-block-heading\">T\u00cdTULO II: Colegio de Profesionales de Ciencias Inform\u00e1ticas de la Provincia de Entre R\u00edos<\/h2>\n\n\n\n<p><a href=\"https:\/\/coprocier.org.ar\/web\/wp-content\/uploads\/2018\/10\/2-capitulo1.pdf\">CAPITULO I: Denominaci\u00f3n, domicilio, \u00e1mbito de aplicaci\u00f3n<\/a><\/p>\n\n\n\n<p><a href=\"https:\/\/coprocier.org.ar\/web\/wp-content\/uploads\/2018\/10\/2-capitulo2.pdf\">CAPITULO II: Derechos y Deberes de los Colegiados.<\/a><\/p>\n\n\n\n<p><a href=\"https:\/\/coprocier.org.ar\/web\/wp-content\/uploads\/2018\/10\/2-capitulo3.pdf\">CAPITULO III: Objeto, atribuciones, patrimonio y recursos econ\u00f3micos.<\/a><\/p>\n\n\n\n<p><a href=\"https:\/\/coprocier.org.ar\/web\/wp-content\/uploads\/2018\/10\/2-capitulo4.pdf\">CAP\u00cdTULO IV: \u00d3rganos directivos y autoridades del Colegio.<\/a><\/p>\n\n\n\n<p><a href=\"https:\/\/coprocier.org.ar\/web\/wp-content\/uploads\/2018\/10\/2-capitulo5.pdf\">CAP\u00cdTULO V: La Asamblea General<\/a><\/p>\n\n\n\n<p><a href=\"https:\/\/coprocier.org.ar\/web\/wp-content\/uploads\/2018\/10\/2-capitulo6.pdf\">CAP\u00cdTULO VI: El Directorio<\/a><\/p>\n\n\n\n<p><a href=\"http:\/\/coprocier.org.ar\/web\/wp-content\/uploads\/2018\/10\/2-capitulo7.pdf\">CAP\u00cdTULO VII: La Mesa Ejecutiva.<\/a><\/p>\n\n\n\n<p><a href=\"https:\/\/coprocier.org.ar\/web\/wp-content\/uploads\/2018\/10\/2-capitulo8.pdf\">CAP\u00cdTULO VIII: El Tribunal Arbitral y de Disciplina<\/a><\/p>\n\n\n\n<p><a href=\"https:\/\/coprocier.org.ar\/web\/wp-content\/uploads\/2018\/10\/2-capitulo9.pdf\">CAP\u00cdTULO IX: \u00d3rgano de Fiscalizaci\u00f3n.<\/a><\/p>\n\n\n\n<p><a href=\"https:\/\/coprocier.org.ar\/web\/wp-content\/uploads\/2018\/10\/2-capitulo10.pdf\">CAP\u00cdTULO X: R\u00e9gimen electoral.<\/a><\/p>\n\n\n\n<p><a href=\"https:\/\/coprocier.org.ar\/web\/wp-content\/uploads\/2018\/10\/2-capitulo11.pdf\">CAP\u00cdTULO XI: Recursos contra disposiciones del Colegio.<\/a><\/p>\n\n\n\n<h2 class=\"wp-block-heading\"><a href=\"https:\/\/coprocier.org.ar\/web\/wp-content\/uploads\/2018\/10\/3.pdf\">T\u00cdTULO III: Disposiciones transitorias<\/a><\/h2>\n\n\n\n<h2 class=\"wp-block-heading\"><a href=\"https:\/\/coprocier.org.ar\/web\/wp-content\/uploads\/2018\/10\/4.pdf\">T\u00cdTULO IV: C\u00f3digo de \u00e9tica<\/a><\/h2>\n","protected":false},"excerpt":{"rendered":"<p>El 17 de junio de 2003 fue sancionada la Ley Provincial N\u00ba 9498, que crea el Colegio de Profesionales de Ciencias Inform\u00e1ticas de Entre R\u00edos y sienta las bases para el ejercicio profesional en la provincia. Para descargar la ley en formato PDF, haga clic aqu\u00ed Tambi\u00e9n puede navegar la ley cap\u00edtulo a cap\u00edtulo con [&hellip;]<\/p>\n","protected":false},"author":1,"featured_media":0,"parent":0,"menu_order":0,"comment_status":"closed","ping_status":"closed","template":"","meta":{"_et_pb_use_builder":"","_et_pb_old_content":"","_et_gb_content_width":"","footnotes":""},"class_list":["post-33","page","type-page","status-publish","hentry"],"_links":{"self":[{"href":"https:\/\/coprocier.org.ar\/web\/wp-json\/wp\/v2\/pages\/33","targetHints":{"allow":["GET"]}}],"collection":[{"href":"https:\/\/coprocier.org.ar\/web\/wp-json\/wp\/v2\/pages"}],"about":[{"href":"https:\/\/coprocier.org.ar\/web\/wp-json\/wp\/v2\/types\/page"}],"author":[{"embeddable":true,"href":"https:\/\/coprocier.org.ar\/web\/wp-json\/wp\/v2\/users\/1"}],"replies":[{"embeddable":true,"href":"https:\/\/coprocier.org.ar\/web\/wp-json\/wp\/v2\/comments?post=33"}],"version-history":[{"count":13,"href":"https:\/\/coprocier.org.ar\/web\/wp-json\/wp\/v2\/pages\/33\/revisions"}],"predecessor-version":[{"id":6034,"href":"https:\/\/coprocier.org.ar\/web\/wp-json\/wp\/v2\/pages\/33\/revisions\/6034"}],"wp:attachment":[{"href":"https:\/\/coprocier.org.ar\/web\/wp-json\/wp\/v2\/media?parent=33"}],"curies":[{"name":"wp","href":"https:\/\/api.w.org\/{rel}","templated":true}]}}